est common factor of o and 36?
18
Let v be (-284955)/198 + (-1)/(-6). Let i be (1 - 3/4) + v/(-4). Calculate the greatest common factor of 72 and i.
72
Let a be ((-6)/(-4))/(5/(490/7)). Suppose 0 = -5*g - 2*p + a, 0*g + 3 = 3*g - 2*p. Calculate the greatest common factor of g and 33.
3
Suppose 0 = 3*h + 9, 2*w + 0*w - 5*h = 71. Let i(t) = 5*t**2 + 45*t + 146. Let d be i(-3). Calculate the greatest common divisor of d and w.
28
Let x(y) = 2*y**3 - 30*y**2 - 26*y + 7. Let a be x(19). What is the highest common factor of 7 and a?
7
Let b = 4993 - 4758. What is the highest common factor of b and 893?
47
Let i(b) = -5*b + 128. Suppose -5*d = -3*h - 92, h - d + 6*d = -24. Let p be i(h). What is the highest common divisor of p and 117?
39
Let r(t) = 23*t + 25. Let i be r(3). Let o be ((-4183)/i)/((-5)/2 - -2). What is the highest common divisor of o and 2?
1
Let f(v) = v**2 - 1. Let u be f(2). Suppose 2*p = u*p - 238. Let w be (-2049)/(-60) + 2/8 + (-1070)/2675. Calculate the highest common divisor of w and p.
34
Let p = 11 + -9. Let j(h) = 73 + 9*h - h**p + h - 75 + 4*h. Let v be j(10). Calculate the highest common divisor of v and 19.
19
Let a be -1 + (1 - -5)/3. Let f(i) = 36*i**3 - i**2 - i + 2. Let x be f(a). Let u = 51 + -27. Calculate the greatest common factor of x and u.
12
Let y(m) = -m**3 - m**2 + 60*m - 23. Let u be y(-9). Let x = u + -71. What is the highest common divisor of x and 658?
14
Suppose -4*b - 648 = -h - 3*h, -b + 156 = h. Let z = -144 + h. What is the highest common divisor of z and 255?
15
Suppose -4*a = -c + 52, 0 = -3*c - 2*a + 3*a + 101. Suppose 0 = -c*u + 39*u - 273. Calculate the greatest common divisor of u and 6.
3
Let z = 25510 + -25502. Calculate the highest common factor of z and 326.
2
Let n be (140/(-330) + 8/88)*-18. Let k be (2 - 844/(-2)) + 2. What is the highest common factor of n and k?
6
Suppose -2*b - 23*r + 368 = -19*r, -4*r = b - 188. What is the highest common factor of b and 828?
36
Let o be (-47)/94*(-1 - 15). Suppose 3*q = -2*b + 785, 6*q - o*q = -2. Calculate the highest common factor of b and 17.
17
Let s be 4/18 - (4098/(-27) - 2). Let b be 4/((-29)/(-56) - 3/8). Calculate the greatest common divisor of s and b.
14
Let d(o) = o + 29. Let q be d(-9). Suppose -134 = -q*h + 19*h. Suppose 42 = a - h. What is the greatest common factor of 22 and a?
22
Let h(r) = -1080*r - 6444. Let p be h(-6). Suppose -2*l = -3*w - 229, 3*l + 2*w - 307 = 69. Let a = l + 130. What is the greatest common factor of a and p?
36
Suppose -28*r = -58*r + 1320. Suppose r*s = -8*s + 2548. What is the highest common factor of s and 14?
7
Suppose -2*q + k = 91 - 339, -3*q - 4*k + 383 = 0. Let u be 85587/846 + (-14)/12. What is the greatest common factor of q and u?
25
Let j = -2860 + 5550. Calculate the highest common factor of j and 10.
10
Suppose -v = -2*k, 7*k + 4*v = 8*k + 14. Let t be k + -7 + -4 + 24. Calculate the greatest common factor of 345 and t.
15
Suppose -9*r = -11*r + 2*j + 60, -r + 3*j = -34. Suppose 0 = r*h - 679 - 441. What is the greatest common factor of h and 60?
20
Let z = 4 - -1. Suppose 57 = 3*l + 4*i, 2*i = -4*l + 7*i + 107. Let a = 32 + l. Calculate the highest common factor of a and z.
5
Let c = 121 - 81. Let a be ((-56)/(-20))/((-128)/(-3200)). Calculate the highest common factor of c and a.
10
Let l be (2/(-5))/(6/(-17130)). Let x be l/8 + (-3)/(-12). Let f(p) = p**3 + 8*p**2 + 8*p - 11. Let y be f(-6). Calculate the highest common factor of y and x.
13
Suppose -11*h + 4*d - 37 = -16*h, 23 = 4*h + d. Suppose 2 = 2*i + k, -3*i + 4*k + 7 = -18. Suppose -i = -z + h. What is the greatest common factor of 1 and z?
1
Let p be (-2)/(-3) + (0 - 140/(-15)). Let z(x) = -3*x - 17. Let b be z(-7). Suppose -b*d = -7*d + 30. Calculate the greatest common factor of p and d.
10
Let o(h) = 2*h**2 + 4*h + 3. Let v be o(-2). Let r be (v - 15/(-10))*-2. Let d be 3/r - (-343)/21. Calculate the highest common factor of 176 and d.
16
Let a = 6 - 0. Let j be (-2)/6 - a/(-18) - 0. Suppose -5*f + 2*f + 72 = j. What is the greatest common factor of f and 168?
24
Let s(t) = -t**3 - t**2 - t + 1. Let k be s(-2). Suppose -k*u = -28*u + 7056. Calculate the highest common factor of u and 24.
24
Suppose -x + 5*m = -191, -14*x + 4*m = -15*x + 182. What is the greatest common divisor of x and 1271?
31
Let q(g) = -2*g**2 - 22*g - 21. Let t be q(-10). Let n = 24 - 11. Let w = n - t. Calculate the highest common factor of w and 14.
14
Suppose -4*t + 1322 + 1414 = 0. Suppose 0 = k - 7*k - t. Let y = k - -144. What is the greatest common divisor of 75 and y?
15
Suppose -32*w + 33*w = 3. Suppose w*v + 45 - 99 = 0. What is the highest common divisor of v and 15?
3
Suppose -3*k - 3*d - 1124 = -7*k, 4*d + 552 = 2*k. Let j = 429 - k. Suppose 0 = 6*m - 11*m + j. What is the highest common factor of 29 and m?
29
Suppose -71*n = -77*n + 360. Suppose x = -5*k + 31, -5*k = -x - 3*k + 38. Calculate the highest common divisor of n and x.
12
Let r(x) = 27*x - 11. Let h = 211 - 198. Let c be r(h). What is the greatest common divisor of c and 20?
20
Suppose 20*o - 1520 = 30*o. Let h be (-1083)/o + 1/(-8). Calculate the highest common factor of 119 and h.
7
Let o be (-15132)/104 - ((-3)/2 - 1). Let i = -125 - o. What is the greatest common factor of 342 and i?
18
Let r = 56 + 30. Suppose 7*w - r = 19. Let b(p) = -p**3 + p**2 - 3*p - 3. Let t be b(-2). Calculate the highest common divisor of w and t.
15
Let j(m) = -28*m - 212. Let a be j(-9). What is the highest common factor of a and 9980?
20
Suppose 0 = 5*b, 0 = 4*n - 0*n + 2*b + 1320. Let u be (-29)/(725/n)*(4 - -1). Let a = 151 - u. Calculate the greatest common factor of 34 and a.
17
Let d(b) = -2*b - 273. Let s be d(-155). What is the greatest common divisor of 5994 and s?
37
Suppose -w = -2*h - 11, 13 = 5*w + 3*h + h. Suppose 6*o = 19 + w. Let z be (-1)/(1*o/16*-1). What is the greatest common factor of z and 4?
4
Let h(r) = -3*r**2 + 5*r + 4 + 2 - r**3 - r**2. Let u(y) = -5*y + 135. Let d be u(28). Let z be h(d). Calculate the greatest common divisor of z and 30.
6
Let h = 10 - 11. Let l(a) = -72*a - 290. Let v be l(-4). Let u be -6 + 14 + v/(h*2). What is the greatest common divisor of 9 and u?
9
Let k(l) = -79*l - 161. Let q be k(-8). Let x = q + -466. Calculate the highest common divisor of 70 and x.
5
Suppose -1 = -t + 21. Suppose 4*b - 6 = a, 2*b - 14 = -6*a + a. What is the greatest common factor of a and t?
2
Let v = 403 + -406. Let q be (v - -6)/(12/(-88)*-1). Calculate the greatest common factor of 319 and q.
11
Suppose 4*a + 7 = 11, -u + 5*a = -3333. Suppose j - u = -4*n, 2*j - 3340 = -5*n + n. Let h = n - 515. What is the highest common divisor of 29 and h?
29
Suppose -35*o - 48 = -153. Suppose 7 = -5*b + 2. Let a be (-2)/1*b/2. What is the highest common factor of o and a?
1
Let w(x) = -x**2 - 12*x - 8. Let b be w(-11). Suppose b*n - o = n + 90, -4*n + 180 = -o. Calculate the greatest common divisor of 120 and n.
15
Let m be (-2)/(-11) + 6152/44. Let r be (m/(-6)*-3)/((-12)/(-42)). What is the greatest common divisor of 35 and r?
35
Let w(c) = c**2 + 6. Let m be w(0). Let x = 64 - -39. Suppose 2*a - 4*r = 68, x = 3*a - 0*r - 5*r. What is the greatest common factor of m and a?
6
Let h = -10596 - -10652. What is the greatest common divisor of h and 2744?
56
Let k(t) = 10*t**2 + t + 16. Suppose -41*o + 42*o - 4 = 0. Let z be k(o). What is the highest common divisor of z and 288?
36
Let g be (-2471249)/(-813) + 2/6. What is the highest common divisor of 120 and g?
40
Suppose 0 = -3*d - 0 + 3. Let t(f) = -f**2 - d + 2 - 5 + 8*f. Let s be t(6). What is the highest common factor of 2 and s?
2
Let n(w) = 11*w**2 + 3. Let o be n(3). Let g(k) = -792*k + 5680. Let t be g(7). What is the greatest common factor of o and t?
34
Let y(j) = 2 + 12*j - 9 + 4 - j**2 + 4. Let d be y(11). Calculate the highest common divisor of 16 and d.
4
Let d(p) = -52*p - 46. Let h be d(-3). Suppose 3*s - 78 = -0*m - 3*m, 0 = -3*m + 5*s + h. Calculate the highest common divisor of m and 90.
30
Suppose q + 42 + 28 = 0. Let z = q - -106. Suppose -s - 3*r + 0*r + 21 = 0, 0 = 2*s + 3*r - z. Calculate the greatest common divisor of s and 120.
15
Suppose 419*h - 422*h + 120 = 0. Calculate the highest common factor of 1160 